 + 120?
-1212100
In base 12, what is 3 + 9644?
9647
In base 14, what is 3114 + 5d?
3173
In base 13, what is -1939 + -a?
-1946
In base 13, what is -263742 - 0?
-263742
In base 10, what is -12 + -738?
-750
In base 6, what is 2 - 3231011?
-3231005
In base 15, what is 840b9 + 4?
840bd
In base 15, what is 5 + -30bd?
-30b8
In base 11, what is 66 - 7644?
-7589
In base 5, what is -122 - -103242?
103120
In base 16, what is 3a3 + -1e?
385
In base 6, what is 51122 - -10?
51132
In base 6, what is -4 + 323305?
323301
In base 6, what is -35213 + -1434?
-41051
In base 15, what is -5 + b811?
b80b
In base 10, what is 0 + -28056?
-28056
In base 3, what is 1 - -10000021011112?
10000021011120
In base 8, what is -16 + 202532?
202514
In base 6, what is -43 - -11213?
11130
In base 6, what is -4202 - -45?
-4113
In base 15, what is 2 + 1d70?
1d72
In base 6, what is -30 - 204000?
-204030
In base 16, what is -6 - 1351e?
-13524
In base 7, what is 4 - 42621?
-42614
In base 3, what is -11 + 220110021?
220110010
In base 15, what is d414 - 7?
d40c
In base 9, what is -3448 + 15?
-3433
In base 6, what is -42 - 24104?
-24150
In base 2, what is -10010010 + -1011001101100?
-1011011111110
In base 9, what is 0 + 12300?
12300
In base 6, what is -145 - 205013?
-205202
In base 12, what is -252a + 6a?
-2480
In base 3, what is -102122 + 10210?
-21212
In base 15, what is -2 + -684c2?
-684c4
In base 9, what is 117 - 34?
73
In base 13, what is 1ab + 94?
272
In base 10, what is -129778 - -8?
-129770
In base 9, what is -101 + 6018?
5817
In base 13, what is 13244 + -4?
13240
In base 9, what is -118105 - -1?
-118104
In base 13, what is 65c9c + 6?
65ca5
In base 16, what is 7 + fe4c?
fe53
In base 14, what is 4b + -3ab?
-360
In base 12, what is -2737 - -13?
-2724
In base 16, what is 188c + -2?
188a
In base 14, what is -67b9d + 5?
-67b98
In base 2, what is 10100 - 10000001101?
-1111111001
In base 3, what is -11 - 1111220010?
-1111220021
In base 8, what is 12216 - -17?
12235
In base 9, what is -243 - 68?
-322
In base 14, what is 110dc2 - -1?
110dc3
In base 7, what is 2110340 - -3?
2110343
In base 7, what is -2343 - -62?
-2251
In base 9, what is -4 + 33200?
33185
In base 2, what is -1100000100011000011 + -1?
-1100000100011000100
In base 15, what is -17 + -12c?
-144
In base 14, what is -395 - -6c?
-327
In base 16, what is -15 - f26?
-f3b
In base 13, what is 88c + -8?
884
In base 9, what is -5 + -207554?
-207560
In base 11, what is 2203 - -2?
2205
In base 15, what is -ae7 + 0?
-ae7
In base 4, what is 300301 - 2102?
232133
In base 4, what is 1211113 - -210?
1211323
In base 7, what is -2 + -106023?
-106025
In base 4, what is -23210 - 211?
-30021
In base 10, what is -6142 - -11?
-6131
In base 13, what is -15b8 + -14?
-15cc
In base 14, what is a1c02 + -2?
a1c00
In base 16, what is -211 - -3a3?
192
In base 10, what is 27382 + -4?
27378
In base 9, what is -731 + -12?
-743
In base 14, what is bc + 4211?
42cd
In base 11, what is -10 + -17565?
-17575
In base 4, what is 3 + 12233003?
12233012
In base 15, what is -8 + -21711?
-21719
In base 7, what is 34 + 100036?
100103
In base 2, what is 110011101111100111 - 1010?
110011101111011101
In base 14, what is -124dc - 6?
-12504
In base 6, what is -3 - -143103?
143100
In base 3, what is -1122 + 10221011?
10212112
In base 16, what is 8926 - -2?
8928
In base 9, what is -2 + -3462?
-3464
In base 4, what is 103 - -21330320?
21331023
In base 12, what is 1446 - -31?
1477
In base 16, what is -38e9c - 4?
-38ea0
In base 11, what is 11 - 2375?
-2364
In base 11, what is 50a + -24?
496
In base 6, what is -152532 - 2?
-152534
In base 5, what is -3204140 + -1?
-3204141
In base 16, what is 9e364 - -4?
9e368
In base 15, what is 2d + -331?
-303
In base 3, what is 10020101 - 21?
10020010
In base 4, what is -103213 + -3111?
-112330
In base 5, what is 2201 - 1212?
434
In base 14, what is -9b + -958?
-a15
In base 12, what is -10b - -632?
523
In base 3, what is -11 + 10201121001?
10201120220
In base 6, what is -222022004 + 3?
-222022001
In base 13, what is -2962 - 15?
-2977
In base 3, what is -201 + 1010000102?
1002222201
In base 4, what is 2323102 - -2102?
2331210
In base 5, what is 30 - -211?
241
In base 3, what is 1201 - -2221212?
10000120
In base 13, what is 71001 + 3?
71004
In base 13, what is 33733 - 0?
33733
In base 3, what is 12 - -2020000000?
2020000012
In base 11, what is 3 + -57283?
-57280
In base 9, what is 0 + -22612?
-22612
In base 4, what is -302310012 + -10?
-302310022
In base 15, what is a1bd - 3?
a1ba
In base 10, what is 32 + -1793?
-1761
In base 6, what is 1054501354 - -4?
1054501402
In base 16, what is b251 + 3?
b254
In base 12, what is -b + 2627?
2618
In base 11, what is 10 - 168970?
-168960
In base 11, what is 3a9 + 222?
620
In base 8, what is -11442 + -1344?
-13006
In base 5, what is 1334 - -2340?
4224
In base 13, what is 2 - -168ca?
168cc
In base 4, what is -30021300 - 123?
-30022023
In base 11, what is -566116 - 4?
-56611a
In base 16, what is 5 - 27ef?
-27ea
In base 10, what is -3 - -237814?
237811
In base 13, what is 304 + -149?
188
In base 16, what is 2f548 - -5?
2f54d
In base 16, what is -15a - -126?
-34
In base 10, what is -12 + 2016?
2004
In base 16, what is -5260 + 1?
-525f
In base 16, what is 1081 + 12?
1093
In base 9, what is 118 + -15804?
-15675
In base 16, what is 70 - -57fa?
586a
In base 7, what is 16641123 + 5?
16641131
In base 16, what is bdd + -94?
b49
In base 9, what is -4084 - 8?
-4103
In base 10, what is 1680428 + 3?
1680431
In base 15, what is -6 + 132a4?
1329d
In base 6, what is -540 + -1231?
-2211
In base 14, what is 27475 + -4?
27471
In base 9, what is -1 + -7603?
-7604
In base 9, what is -3 - 287724?
-287727
In base 12, what is -3 - a0380?
-a0383
In base 5, what is -4 + -1203012?
-1203021
In base 3, what is -10 + -1001211120?
-1001211200
In base 4, what is -3333 - -1312?
-2021
In base 7, what is -206 + -13211?
-13420
In base 15, what is -5e745 - 1?
-5e746
In base 2, what is 10011 + -11010000000?
-11001101101
In base 4, what is 21 - 23122031?
-23122010
In base 8, what is -1076 + 35?
-1041
In base 3, what is 201021210022 + 0?
201021210022
In base 11, what is 2801 - -4?
2805
In base 5, what is -43424132 - 0?
-43424132
In base 12, what is -1305 - -3?
-1302
In base 14, what is -33 + -a5b?
-a90
In base 7, what is 640420 + -3?
640414
In base 11, what is 3673 - 25a?
3414
In base 9, what is -5 - -20032?
20026
In base 6, what is -2352151 - 4?
-2352155
In base 5, what is 1 + 1130042?
1130043
In base 9, what is 1504172 + -4?
1504167
In base 2, what is -11001100010111 + -10100000?
-11001110110111
In base 5, what is -21 - 432224?
-432300
In base 10, what is 20109 + -153?
19956
In base 10, what is -2 - 48062?
-48064
In base 3, what is 0 - -2002102210001?
2002102210001
In base 7, what is -442 - -10611?
10136
In base 6, what is 142 - -22121?
22303
In base 12, what is 87 - 961?
-896
In base 7, what is -6432 + -105?
-6540
In base 6, what is -10 + -4551135?
-4551145
In base 14, what is -5883a + 1?
-58839
In base 8, what is -5 - -32756?
32751
In base 5, what is 3 - -1033214?
1033222
In base 7, what is -5155 - 1104?
-6262
In base 11, what is 14 - a187?
-a173
In base 15, what is -4 - -ba20?
ba1b
In base 8, what is -1243 - 12?
-1255
In base 14, what is -6 + 284c3?
284bb
In base 11, what is -1 - 163a8?
-163a9
In base 8, what is -23337 - -765?
-22352
In base 12, what is 21 + -423b7?
-42396
In base 4, what is 11 - 10232332?
-10232321
In base 8, what is -151 - 40173?
-40344
In base 9, what is 1118751 + -3?
1118747
In base 3, what is -101 - -1010222?
1010121
In base 4, what is 11031 - 222021?
-210330
In base 13, what is -14 - 3966?
-397a
In base 12, what is -65 + 4453?
43aa
In base 15, what is -3 - -9e1a2?
9e19e
In base 11, what is -97 - -846?
75a
In base 12, what is -41 - 21711?
-21752
In base 9, what is -10463 - -4?
-10458
In base 9, what is 385 + -2508?
-2113
In base 6, what is -24451 - 2151?
-31042
In base 10, what is -23064 - -3?
-23061
In base 5, what is -13413 - 2200?
-21113
In base 5, what is 300 - -424112?
424412
In base 16, what is 3 - -b9138?
b913b
In base 15, what is -5 + 23b97?
23b92
In base 13, what is -17331 + -4?
-17335
In base 14, what is 179212 + -3?
17920d
In base 7, what is 630401 - 3?
630365
In base 9, what is -32 + -102?
-134
In base 14, what is